st the prime factors of r.
367
Suppose -l + 16 = 3*l. Suppose 0 = 3*h - l*g + 50, 5*g - 6 = h + 7. Let o = h - -31. List the prime factors of o.
13
Suppose -11*v + 4893 = -16645. What are the prime factors of v?
2, 11, 89
Let i(y) = y**3 + 7*y**2 - 9*y - 5. Let f be i(-8). Suppose f*p = -5*o + 166, p - 45 = -3*o + 17. List the prime factors of p.
47
Let l(c) be the third derivative of -c**4/24 + c**3/2 + 6*c**2. Let t be l(0). Suppose -d = -2*z - 10, -5 - t = -d + z. List the prime factors of d.
2, 3
Let r = 22 + -14. Suppose -4*q = -r*q + 4. List the prime factors of (0 - (q + 0))*-20.
2, 5
Let f(o) = -2*o**2 - 3*o. Let t be 288/(-156) - 2/13. Let r be f(t). Let h = r + 22. What are the prime factors of h?
2, 5
Let c(s) = s + 14. Let f be c(-12). Suppose 3*p + 33 = -3*z, -4*p = f*z + 4 + 10. Let a = 24 + z. List the prime factors of a.
3
Let o(a) = -7*a - 67. Suppose 14 = -2*t - 30. List the prime factors of o(t).
3, 29
Let f(m) = -34*m + 90. What are the prime factors of f(-35)?
2, 5
Let w be (-432)/(-56) - (0 - (-4)/(-14)). Suppose w*c - 668 - 356 = 0. List the prime factors of c.
2
Let c = 307 - 132. Let z = -94 + c. List the prime factors of z.
3
Let n(q) = -3*q**3 + 3*q**2. Let x be n(2). Suppose 9 + 37 = 2*p. Let g = x + p. What are the prime factors of g?
11
Suppose -18*z + 4494 = -15*z. List the prime factors of z.
2, 7, 107
Let p = 5 - 9. Let d be (p/14)/((-2)/14). Suppose -d*z = -z + 5*w - 28, -2*z + 11 = w. What are the prime factors of z?
3
Let a = -625 - -1605. List the prime factors of a.
2, 5, 7
Let x = 21 + 8. Suppose -4*i - 3*d = i - 167, i + 5*d = x. Let l = i + 25. List the prime factors of l.
59
Let x(i) = -i**2 - 6*i + 1. Let d be x(-5). List the prime factors of (232/d - -3) + (-2)/3.
41
Let q be (-29)/(-4) + 4/(-11 + -5). Let z(x) = -x**3 + 9*x**2 + 2*x - 1. What are the prime factors of z(q)?
3, 37
Suppose 15*w = 11*w - 16. Let t(r) = 5*r**2 - r + 11. List the prime factors of t(w).
5, 19
Suppose 0*m + 4*m = 0. Suppose m*u + 140 = -5*u. List the prime factors of u/(-2)*(-3)/(-6).
7
Suppose 678 = -5*v + 3263. What are the prime factors of v?
11, 47
Let q(f) = -2*f**3 - 38*f**2 - 35*f + 14. Let s(i) = -i**3 - 19*i**2 - 18*i + 7. Let u(t) = -2*q(t) + 5*s(t). What are the prime factors of u(-18)?
43
Suppose -41*d + 45*d = 1828. What are the prime factors of d?
457
Let x(c) = -3*c + 2. Let r be x(-1). Suppose r*j + 1848 = 17*j. List the prime factors of j.
2, 7, 11
Let y(i) = -i**3 + i + 1. Let u(a) = -3*a**3 + 18*a**2 - 15*a + 5. Let r(c) = u(c) - 2*y(c). Let z be r(17). List the prime factors of ((-184)/(-12))/(2/z).
23
Let m be 1/(-4) + 382/(-8). What are the prime factors of m/(-18)*30/8?
2, 5
Suppose -6*n + 2*n = -4, -27 = -4*l + n. Suppose -4 = 5*x - l*x. Suppose x*w = -a + 3 + 11, 0 = 2*a - 5*w - 37. What are the prime factors of a?
2
Suppose 0 = 17*i - 7129 - 6505. What are the prime factors of i?
2, 401
Let c(u) = -u**2 + 5*u - 4. Let b be c(5). List the prime factors of (220/(-16) + 4)*b.
3, 13
Let i be (103 - (-2 + 5)) + 0. What are the prime factors of (2 - 4) + i + 3?
101
What are the prime factors of (-4*3/24)/(1/(-666))?
3, 37
Suppose 18*k - 2*p - 3626 = 14*k, -5*k + 4540 = -5*p. List the prime factors of k.
5, 181
Let c(u) = 206*u**2 + 4*u - 11. What are the prime factors of c(4)?
3301
Let k(r) = r**2 + 2*r - 3. Let p be k(2). Suppose -87 = -p*i + 73. What are the prime factors of i?
2
Suppose 0 = -u + 6 - 1. Suppose 2*w = 3*q - 9, -q + u*w - 5 = q. List the prime factors of 0/(-3) + q + 0.
5
Suppose -3*g + 2124 = 69. What are the prime factors of g?
5, 137
Let s = -121 + 224. What are the prime factors of s?
103
Let w be (8/3)/((-10)/(-15)). Suppose -2*x + 18 = 2*j, -5*j + 0*j = -w*x + 27. What are the prime factors of x?
2
Let k(j) = 3*j + 16. Let z be k(-8). Let u = 12 - z. List the prime factors of u.
2, 5
Let h = -43 + 21. Let f = 45 + h. Let w = f - 12. List the prime factors of w.
11
Let j be (-8 + 10)/(1/(-2)). Let l = j - -9. Suppose -3*b - 2*b = -3*k - 236, -b = -l*k - 56. List the prime factors of b.
2, 23
Let v(m) = -m + 14. Let p be v(6). Let d be 3*((-168)/9 - 1). What are the prime factors of 0*(-4)/p - d?
59
Let a = 1082 + -531. List the prime factors of a.
19, 29
Suppose b + 23 = 5*g, 0 = 8*b - 3*b + 15. Let q be ((-104)/(-1))/(g + -2). Suppose 5*x = 2*h - 84, 0 = -h + x + q - 4. What are the prime factors of h?
2, 13
Suppose g + 28704 = 17*g. List the prime factors of g.
2, 3, 13, 23
Suppose 5*k - 361 = -2*h + 10*k, 2*k = -2*h + 340. What are the prime factors of h?
173
Let r be ((-2)/(-5))/(15/75). Suppose r*j = 95 + 93. What are the prime factors of j?
2, 47
Suppose 120 = -6*u + 1482. What are the prime factors of u?
227
Let h = 4 - -68. Let r = 42 - h. Let l = r + 57. List the prime factors of l.
3
Let c(z) = z**3 + 8*z**2 + 5*z + 11. Let v be c(-5). Let k = 74 - v. What are the prime factors of k?
13
Let i = -1641 + 2858. What are the prime factors of i?
1217
List the prime factors of (4980/24 - 4)/(1/2).
11, 37
Let c = -78 + 81. Suppose 2*r - 34 = -t, -r + c*t - 4 + 35 = 0. What are the prime factors of r?
19
Let y be (-3)/(-2)*164/6. Let z be (-16 + -1 + 3)/(-1). Let q = y - z. What are the prime factors of q?
3
Let v(k) = k**2 + k + 4. Let c be v(0). Suppose -2*p + 8 - c = 0. What are the prime factors of 18 - ((-8)/p - -2)?
2, 5
Let g(m) = -105*m**3 - 2*m**2 + m + 2. Let f be (-12)/3 - (-10 - -7). Let p be g(f). Suppose p - 4 = 2*v. What are the prime factors of v?
2, 5
Suppose -2*u - 798 - 20 = 4*z, 0 = 5*u + 15. Let j = -131 - z. List the prime factors of j.
2, 3
Suppose 6*r - 12 = 3*r. Suppose 0 = -3*o + 3, -6*o = r*c - o - 661. What are the prime factors of c?
2, 41
Let u(n) = n**2 - 6*n + 4. Let s(r) = r**2 - 6*r + 5. Let c(i) = 6*s(i) - 5*u(i). Let p = 39 + -32. List the prime factors of c(p).
17
Let a(o) be the third derivative of o**7/2520 - o**6/720 - o**5/20 + 3*o**2. Let t(g) be the third derivative of a(g). List the prime factors of t(3).
5
Let g be 50/12 - (-16)/(-96). Let t = 58 - -18. Suppose g*d + 0*d - t = 0. List the prime factors of d.
19
Let s be 1648/10 - (12/20)/(-3). Let p = 308 - s. What are the prime factors of p?
11, 13
Suppose 47 = 2*g - 45. Let q be 4/14 + (-4662)/(-147). Let u = g - q. What are the prime factors of u?
2, 7
Suppose 65*c + 42 = 68*c. What are the prime factors of c*1*6/(-15)*-5?
2, 7
Let x(m) = m**2 + 4*m + 2. Let f be x(-4). Suppose -f*h - 7 + 75 = 0. Suppose -h = -g + u, -g - 2*g = -2*u - 102. List the prime factors of g.
2, 17
Let g = -11 - -26. Suppose 1 = -2*w + y, 5*w + y + g = 6*y. Suppose -3*l + 160 = w*l. What are the prime factors of l?
2
Let u(r) = -183*r - 71. List the prime factors of u(-6).
13, 79
Let i(c) = 117*c**3 - 5*c**2 - 7*c + 15. What are the prime factors of i(2)?
7, 131
Let g(t) = -t - 8. Let h be g(-11). Suppose 0 = u - x - 7, -u + x + h*x = -19. Suppose -u*s + 101 = -43. List the prime factors of s.
2, 3
Suppose -d + 102 = -5*y, y + 2*y = d - 92. Let x = 126 - d. Let c = x - 5. What are the prime factors of c?
2, 11
Suppose 5*d - 4*x = 4347, 4*d - 3*d - x - 870 = 0. What are the prime factors of d?
3, 17
Let i(g) be the second derivative of g**5/20 + g**4 + 3*g**3/2 + 6*g**2 + 3*g. Let r be i(-11). Let x = r + -15. List the prime factors of x.
19
What are the prime factors of (-1282)/6*(-29 - -26)?
641
Let i(l) = -90*l + 6. Let d(q) = 18*q - 1. Let u(n) = 24*d(n) + 5*i(n). List the prime factors of u(-4).
2, 3, 13
Suppose 4*f + y = 2*y - 47, 0 = -3*y - 3. Let n(w) = -3*w + 12. Let j be n(f). Suppose 2*d - 4*k + k - 86 = 0, d - j = 4*k. List the prime factors of d.
2, 5
Let z(c) = -c**3 - 58*c**2 + 117*c + 4. List the prime factors of z(-60).
2, 23
Let d = 86 + -107. What are the prime factors of (-3)/(-21) - (5373/d - -1)?
3, 5, 17
Suppose 3*o - 21 = -69. Let v be (-8)/10 + (-2706)/205. Let j = v - o. List the prime factors of j.
2
Suppose -v - v = 3*f - 14, v + 11 = 3*f. Suppose -5*s = 2*l - 7*l + 410, -3*l + 260 = f*s. What are the prime factors of l?
2, 3, 7
Let k(b) = 4*b + 23. Let p be k(-5). Suppose p*i - 260 = 2*q, -3*q + 170 = 2*i - 5*q. What are the prime factors of i?
2, 3, 5
Suppose 4 + 0 = h. Let s be (h/12)/((-1)/(-3)). List the prime factors of (-1)/(66/(-63) + s).
3, 7
What are the prime factor